t - 84. What is o(24)?
12
Let q(t) = 2*t**2 + 6388*t - 115638. Calculate q(18).
-6
Let y(t) = -t**2 + 203*t - 10721. Give y(91).
-529
Let n(p) = p**3 - 679*p**2 + 105744*p + 2432. Give n(242).
12
Let i(x) = -x**3 + 130*x**2 - 4087*x - 1106. Calculate i(76).
186
Let t(f) = -7017*f + 947301. Give t(135).
6
Let x(l) = 18414*l - 239375. What is x(13)?
7
Let g(c) = -c**3 - 126*c**2 + 265*c + 981. What is g(-128)?
-171
Let b(z) = 99*z - 3251. Determine b(36).
313
Let d(y) = y**2 + 44*y - 3642. Calculate d(49).
915
Let m(p) = p**2 + 1597*p + 561153. Give m(-522).
3
Let w(a) = -9*a**2 + 10076*a + 215557. Calculate w(-21).
-8
Let g(o) = o**2 + 1098*o + 8708. Determine g(-8).
-12
Let o(s) = 20*s**2 - 538*s + 470. What is o(27)?
524
Let h(m) = 512796*m - 5127967. Determine h(10).
-7
Let k(g) = 964*g + 5. Calculate k(0).
5
Let y(q) = -q**3 + 15*q**2 + 2552*q - 20858. Calculate y(8).
6
Let d(j) = 61*j**2 + 268*j + 105. What is d(-8)?
1865
Let h(o) = o**3 + 9*o**2 - 239*o + 824. Determine h(7).
-65
Let w(j) = 1260*j + 9129. Calculate w(-7).
309
Let h(k) = 3*k**2 - 142*k + 222. Give h(41).
-557
Let t(u) = -6794*u - 116044. Give t(-17).
-546
Let x(p) = -175*p**2 - 103941*p + 5341. Determine x(-594).
-5
Let v(h) = -6*h**3 - 31*h**2 - 420*h - 390. Determine v(-1).
5
Let m(u) = u**2 - 25*u + 191. Give m(6).
77
Let r(n) = -3*n**3 - 425*n**2 + 183*n + 5205. Determine r(-142).
-617
Let j(m) = 10*m**3 - 4400*m**2 + 62*m - 27286. Give j(440).
-6
Let q(h) = -364*h - 3538. Give q(-10).
102
Let x(b) = -1201*b - 70499. Determine x(-59).
360
Let o(b) = -b**3 + 44*b**2 - 52*b + 461. What is o(43)?
74
Let j(a) = 3*a**3 + 192*a**2 + 2088*a - 570. What is j(-50)?
30
Let i(y) = 160*y**3 - 3971*y**2 - 724*y + 3. Give i(25).
28
Let o(q) = -3*q**3 + 5044*q**2 + 1229*q + 3591069. Determine o(1682).
-1
Let o(p) = 7*p**2 + 1512*p + 13036. Determine o(-207).
-5
Let b(r) = r**2 - 16948*r + 84707. What is b(5)?
-8
Let q(x) = -x**3 + 22*x**2 + 1412*x. Calculate q(-28).
-336
Let k(z) = -7*z**2 - 7*z + 90. Determine k(-12).
-834
Let a(u) = -3*u**3 - 2*u**2 - 149*u - 106. Calculate a(0).
-106
Let v(l) = 2*l**3 + 79*l**2 - 332*l + 2822. Calculate v(-44).
6
Let q(k) = k**3 + 23*k**2 - 25*k - 26. Determine q(-24).
-2
Let b(m) = m**3 - 4*m**2 - 142*m - 2108. Determine b(-15).
-4253
Let i(z) = z**3 + 213*z**2 - 137*z + 16306. Calculate i(-214).
-172
Let z(h) = -h**3 + 243*h**2 + 1246*h - 1489. Calculate z(248).
-1
Let f(y) = 2011*y**2 - 16099*y + 94. What is f(8)?
6
Let r(b) = -b**2 + 84*b - 1630. Give r(34).
70
Let i(n) = -38477*n - 21393206. Calculate i(-556).
6
Let b(i) = i**2 - 404*i + 7980. Determine b(19).
665
Let h(m) = -154*m**2 + 145*m - 138. Give h(5).
-3263
Let s(n) = -4*n**2 - 1136*n - 17215. What is s(-268)?
-63
Let g(m) = -13*m**3 - 857*m**2 + 107*m + 2706. Calculate g(-66).
0
Let i(m) = -m**2 + 11*m + 348. Calculate i(-20).
-272
Let n(z) = -1791*z + 4068. What is n(3)?
-1305
Let w(r) = -62*r**2 - 3*r + 99. Give w(0).
99
Let c(s) = 13*s**2 + 1668*s + 518. Determine c(-128).
6
Let n(a) = -6131*a + 3132921. Give n(511).
-20
Let x(k) = k**3 + 157*k**2 - 1226*k + 15491. Give x(-165).
-19
Let b(f) = -2869*f + 16829. Determine b(6).
-385
Let c(b) = 5*b**2 + 265*b + 1079. Determine c(-4).
99
Let z(n) = -n**3 - 267*n**2 - 4775*n + 8213. Calculate z(-21).
2
Let g(p) = 107*p + 56078. Determine g(-524).
10
Let i(m) = 8234*m - 72511. Calculate i(9).
1595
Let v(a) = 63201*a - 63206. Give v(1).
-5
Let k(m) = 217007*m - 12152399. Calculate k(56).
-7
Let d(a) = 5*a**2 + 26*a - 232. Calculate d(7).
195
Let q(a) = 657*a + 45656. Calculate q(-70).
-334
Let p(c) = 7867*c + 47196. Give p(-6).
-6
Let k(o) = 58*o**2 + 1895*o + 13294. Calculate k(-7).
2871
Let b(i) = -1353*i + 51373. Determine b(38).
-41
Let t(j) = -35*j**2 + 5309*j - 3631. Determine t(151).
-7
Let o(v) = 52*v**2 - 10*v + 192. What is o(5)?
1442
Let z(r) = -915*r + 115306. Calculate z(126).
16
Let c(p) = -p**3 + 79*p**2 - 187*p + 8910. Determine c(78).
408
Let g(k) = -k**2 - 947*k - 23007. Determine g(-25).
43
Let w(x) = -6*x**3 + 53*x**2 - 238*x + 2444. Give w(9).
221
Let d(c) = -2*c**2 + 162*c - 2988. Determine d(53).
-20
Let n(w) = -2*w**3 - 39*w**2 - 117*w + 71. Give n(-16).
151
Let v(s) = -7336*s - 51397. Calculate v(-7).
-45
Let a(k) = 2*k**3 - 124*k**2 + 2051*k - 4155. Give a(32).
37
Let h(q) = -889*q**3 + 5337*q**2 - 18*q - 12. Calculate h(6).
-12
Let g(u) = 4*u**3 - 466*u**2 - 268*u + 3972. Determine g(117).
-6
Let q(f) = -f**3 + 24*f**2 - 60*f + 2012. What is q(26)?
-900
Let q(x) = -x**2 - 31*x + 5644. Determine q(61).
32
Let p(r) = -2*r**2 + 207*r - 2533. Determine p(14).
-27
Let q(j) = 3*j**3 + 550*j**2 - 2619*j + 2880. Calculate q(-188).
436
Let u(j) = 7*j**3 + 4691*j**2 + 91649*j - 706. What is u(-650)?
-56
Let v(u) = 514*u - 8519. Determine v(27).
5359
Let v(n) = -389*n + 13024. Determine v(33).
187
Let s(q) = 8*q**2 - 71*q + 24. Give s(16).
936
Let l(h) = 511*h + 534. Give l(6).
3600
Let r(t) = -1188*t - 14256. What is r(-12)?
0
Let b(w) = -2*w**3 - 74*w**2 + 327*w + 14374. Determine b(-36).
10
Let n(o) = -o**3 - 350*o + 1364. Give n(4).
-100
Let o(y) = 38132*y + 4232590. What is o(-111)?
-62
Let p(y) = 107*y**2 + 8951*y - 3099. Determine p(-84).
9
Let q(r) = r**2 - 80444*r + 86. Give q(0).
86
Let x(k) = -1520*k + 19728. Calculate x(13).
-32
Let m(t) = -247*t**2 - 3*t. What is m(2)?
-994
Let c(i) = 122796*i - 491281. Determine c(4).
-97
Let h(m) = -417*m + 14365. Determine h(36).
-647
Let a(c) = -c**2 + 124*c - 3718. Determine a(51).
5
Let x(p) = -5*p**2 - 2474*p + 7462. Determine x(3).
-5
Let i(c) = 268*c**2 + 11142*c - 22289. What is i(2)?
1067
Let u(f) = 5*f**2 + 513*f + 3004. What is u(-95)?
-606
Let t(q) = -q**3 + 51*q**2 - 109*q - 208. Calculate t(49).
-747
Let a(j) = 8*j**3 + 3*j**2 - 129*j - 530. What is a(-4)?
-478
Let c(q) = -3*q**3 + 120*q**2 - 46*q + 1670. What is c(40)?
-170
Let i(t) = 3*t**3 - 56*t**2 - 289*t - 229. Give i(23).
1
Let p(w) = -441*w**3 - 11*w**2 + 31*w - 19. Give p(1).
-440
Let t(o) = 15*o**2 - 626*o + 79. Give t(40).
-961
Let j(w) = w**2 - 19809*w + 1224308. Calculate j(62).
-6
Let l(t) = -9396*t - 93973. What is l(-10)?
-13
Let y(v) = -v**2 - 29712*v - 4404888. Give y(-149).
-1
Let h(q) = -2*q**3 - 18*q**2 + 134*q + 1151. Give h(-10).
11
Let r(g) = 274*g**2 - 9686*g - 20472. Determine r(-2).
-4
Let d(c) = 484*c**2 + 16*c + 14. Calculate d(-1).
482
Let t(n) = 49*n**3 + 7*n**2 + 4863*n + 9717. What is t(-2)?
-373
Let r(l) = -29*l**3 - 319*l**2 + 88*l + 936. Calculate r(-11).
-32
Let h(y) = -1033*y + 14459. Calculate h(14).
-3
Let f(w) = -w**2 + 4162*w + 4407346. Determine f(-875).
-29
Let k(i) = 2*i**3 - 51*i**2 + 349*i - 5423. Calculate k(23).
-41
Let c(t) = 111*t**2 - 11608*t + 6660. Determine c(104).
4
Let n(j) = 7*j**2 - 7234*j - 598513. Give n(-77).
8
Let u(n) = -924*n + 259625. Determine u(281).
-19
Let i(d) = 2*d**2 + 1598*d - 8038. Calculate i(5).
2
Let x(m) = 25*m**3 + 10502*m**2 + 1000*m + 67197. Give x(-420).
-3
Let m(d) = -35758*d - 11478318. Determine m(-321).
0
Let w(z) = -56*z**2 - 1299*z - 346. Give w(-23).
-93
Let n(t) = 27*t**2 + 229*t + 534. Calculate n(-5).
64
Let x(l) = -61*l**2 - 443*l - 92. Determine x(-7).
20
Let b(k) = 120*k + 3166. What is b(-29)?
-314
Let i(v) = v**2 + 758*v + 16840. Give i(-23).
-65
Let j(l) = 436174*l + 872252. What is j(-2)?
-96
Let g(y) = -4*y**3 - 186*y**2 - 100*y + 21. Give g(-46).
389
Let u(p) = p**3 - 105*p**2 - 136*p + 3130. Calculate u(106).
-50
Let o(d) = -d**3 - 54*d**2 - 1487*d - 39120. What is o(-41)?
-6
Let t(w) = -1182*w + 9165. Give t(8).
-291
Let n(h) = h**3 + 129*h**2 + 1220*h + 145. Give n(-10).
-155
Let l(w) = -35514*w + 355029. Give l(10).
-111
Let j(v) = -v**3 + 214*v**2 + 5158*v - 744. What is j(-22)?
4
Let c(f) = 379*f**2 + 2651*f - 37. What is c(-7)?
-23
Let g(f) = -15*f**2 + 9645*f - 66782. Calculate g(636).
-2
Let m(z) = -z**3 + 145*z**2 + 63*z + 12374. What is m(146)?
256
Let i(s) = -s**3 - 25*s**2 + 118*s + 2692. Give i(-25).
-258
Let y(c) = -c**3 + 27*c**2 + 303*c + 167. Determine y(35).
972
Let q(x) = 7053*x - 7032. What is q(1)?
21
Let d(z) = -z**2 - 83626*z - 668931. Determine d(-8).
13
Let i(g) = -38774*g + 38786. Give i(1).
12
Let u(c) = -465*c - 457659. Give u(-984).
-99
Let r(n) = 9*n**3 + 71*n**2 + 166*n - 